{"id":32,"date":"2023-06-27T22:43:40","date_gmt":"2023-06-27T20:43:40","guid":{"rendered":"https:\/\/www.iletaitunefoismescolos.fr\/?page_id=32"},"modified":"2024-03-10T18:25:26","modified_gmt":"2024-03-10T17:25:26","slug":"contacts","status":"publish","type":"page","link":"https:\/\/www.iletaitunefoismescolos.fr\/?page_id=32","title":{"rendered":"Contacts"},"content":{"rendered":"\n<p>Quelle que soit votre question, vous trouverez quelqu\u2019un pour y r\u00e9pondre.<\/p>\n\n\n\n<h1 class=\"wp-block-heading\"><strong>Si\u00e8ge social de l\u2019Association<\/strong><\/h1>\n\n\n\n<p><em>Association \u201cIl \u00e9tait une fois\u2026\u201d<\/em><\/p>\n\n\n\n<p><em>Le Fort<\/em><\/p>\n\n\n\n<p>54113 GYE<\/p>\n\n\n\n<p>e-mail :&nbsp;<a href=\"https:\/\/web.archive.org\/web\/20230201213019\/mailto:contact@iletaitunefoimescolos.fr\">contact@iletaitunefoimescolos.fr<\/a><\/p>\n\n\n\n<h1 class=\"wp-block-heading\"><strong>Concernant les inscriptions<\/strong><\/h1>\n\n\n\n<p>Vous pouvez nous contacter pour demander un dossier d&rsquo;inscription par e-mail \u00e0 l\u2019adresse&nbsp;<a href=\"https:\/\/web.archive.org\/web\/20230201213019\/mailto:iletaitunefois.inscriptions@gmail.com\">iletaitunefois.inscriptions@gmail.com<\/a>&nbsp;ou par t\u00e9l\u00e9phone&nbsp;au 06 40 46 47 12 aux horaires suivants :<\/p>\n\n\n\n<ul class=\"wp-block-list\">\n<li>Du lundi au vendredi de 17h30 \u00e0 19h<\/li>\n<\/ul>\n\n\n\n<ul class=\"wp-block-list\">\n<li>Le samedi : de 14h \u00e0 18h<\/li>\n<\/ul>\n\n\n\n<p>N&rsquo;h\u00e9sitez pas \u00e0 laisser un message vocal, nous vous rappellerons dans les plus brefs d\u00e9lais.<\/p>\n\n\n\n<h1 class=\"wp-block-heading\"><strong>Devenir Adh\u00e9rent<\/strong><\/h1>\n\n\n\n<p>La cotisation pour adh\u00e9rer \u00e0 l\u2019association est fix\u00e9e \u00e0&nbsp;<strong>10 EUR<\/strong>.<\/p>\n\n\n\n<p>Si vous souhaitez adh\u00e9rer, vous pouvez envoyer un ch\u00e8que \u00e0 l\u2019ordre de \u201c<em>Association il \u00e9tait une fois\u2026<\/em>\u201d \u00e0 l&rsquo;adresse suivante : <\/p>\n\n\n\n<p><em>Association \u201cIl \u00e9tait une fois\u2026\u201d<\/em><\/p>\n\n\n\n<p><em>Chez Baptiste Cellier<\/em>,\u00a02 rue de la fecht, 68140 MUNSTER<\/p>\n\n\n\n<p>Ou adh\u00e9rer en ligne&nbsp;<a href=\"https:\/\/www.iletaitunefoismescolos.fr\/?page_id=222\" data-type=\"page\" data-id=\"222\">en vous rendant sur la page adh\u00e9sion<\/a>. (paiement s\u00e9curis\u00e9 via HelloAsso)<\/p>\n\n\n\n<h1 class=\"wp-block-heading\"><strong>Devenir animateur<\/strong>-ice<\/h1>\n\n\n\n<p>Vous souhaitez animer dans un s\u00e9jour de vacances Il \u00e9tait une fois\u2026 ?<\/p>\n\n\n\n<p>L\u2019association recrute animateur-ices, cuisiniers-\u00e8res, linger-\u00e8res.<\/p>\n\n\n\n<p>Vous pouvez adresser vos CV et lettres de motivation aux directeurs des sessions de juillet et ao\u00fbt par e-mail en suivant les liens suivants :<\/p>\n\n\n\n<ul class=\"wp-block-list\">\n<li>Direction de juillet \u2013&nbsp;<a href=\"https:\/\/web.archive.org\/web\/20230201213019\/mailto:directeurs.juillet@gmail.com\">directeurs.juillet@gmail.com<\/a><\/li>\n\n\n\n<li>Direction d\u2019aout \u2013&nbsp;<a href=\"https:\/\/web.archive.org\/web\/20230201213019\/mailto:directeurs.aout@gmail.com\">directeurs.aout@gmail.com<\/a><\/li>\n<\/ul>\n","protected":false},"excerpt":{"rendered":"<p>Quelle que soit votre question, vous trouverez quelqu\u2019un pour y r\u00e9pondre. Si\u00e8ge social de l\u2019Association Association \u201cIl \u00e9tait une fois\u2026\u201d Le Fort 54113 GYE e-mail :&nbsp;contact@iletaitunefoimescolos.fr Concernant les inscriptions Vous pouvez nous contacter pour demander un dossier d&rsquo;inscription par e-mail \u00e0 l\u2019adresse&nbsp;iletaitunefois.inscriptions@gmail.com&nbsp;ou par t\u00e9l\u00e9phone&nbsp;au 06 40 46 47 12 aux horaires suivants : N&rsquo;h\u00e9sitez pas&hellip;&nbsp;<a href=\"https:\/\/www.iletaitunefoismescolos.fr\/?page_id=32\" rel=\"bookmark\">Lire la suite &raquo;<span class=\"screen-reader-text\">Contacts<\/span><\/a><\/p>\n","protected":false},"author":1,"featured_media":0,"parent":0,"menu_order":0,"comment_status":"closed","ping_status":"closed","template":"","meta":{"neve_meta_sidebar":"","neve_meta_container":"","neve_meta_enable_content_width":"","neve_meta_content_width":0,"neve_meta_title_alignment":"","neve_meta_author_avatar":"","neve_post_elements_order":"","neve_meta_disable_header":"","neve_meta_disable_footer":"","neve_meta_disable_title":"","_themeisle_gutenberg_block_has_review":false,"footnotes":""},"class_list":["post-32","page","type-page","status-publish","hentry"],"_links":{"self":[{"href":"https:\/\/www.iletaitunefoismescolos.fr\/index.php?rest_route=\/wp\/v2\/pages\/32","targetHints":{"allow":["GET"]}}],"collection":[{"href":"https:\/\/www.iletaitunefoismescolos.fr\/index.php?rest_route=\/wp\/v2\/pages"}],"about":[{"href":"https:\/\/www.iletaitunefoismescolos.fr\/index.php?rest_route=\/wp\/v2\/types\/page"}],"author":[{"embeddable":true,"href":"https:\/\/www.iletaitunefoismescolos.fr\/index.php?rest_route=\/wp\/v2\/users\/1"}],"replies":[{"embeddable":true,"href":"https:\/\/www.iletaitunefoismescolos.fr\/index.php?rest_route=%2Fwp%2Fv2%2Fcomments&post=32"}],"version-history":[{"count":6,"href":"https:\/\/www.iletaitunefoismescolos.fr\/index.php?rest_route=\/wp\/v2\/pages\/32\/revisions"}],"predecessor-version":[{"id":2770,"href":"https:\/\/www.iletaitunefoismescolos.fr\/index.php?rest_route=\/wp\/v2\/pages\/32\/revisions\/2770"}],"wp:attachment":[{"href":"https:\/\/www.iletaitunefoismescolos.fr\/index.php?rest_route=%2Fwp%2Fv2%2Fmedia&parent=32"}],"curies":[{"name":"wp","href":"https:\/\/api.w.org\/{rel}","templated":true}]}}