{"id":70,"date":"2023-06-28T22:15:36","date_gmt":"2023-06-28T20:15:36","guid":{"rendered":"https:\/\/www.iletaitunefoismescolos.fr\/?page_id=70"},"modified":"2026-02-01T15:08:05","modified_gmt":"2026-02-01T14:08:05","slug":"lassociation","status":"publish","type":"page","link":"https:\/\/www.iletaitunefoismescolos.fr\/?page_id=70","title":{"rendered":"L&rsquo;association"},"content":{"rendered":"\n<p>L\u2019association \u201cIl \u00e9tait une fois\u2026\u201d a \u00e9t\u00e9 cr\u00e9\u00e9e le 28 Janvier 2002. Elle rassemble une trentaine d\u2019adh\u00e9rents, pour la plupart exp\u00e9riment\u00e9s dans l\u2019organisation et l\u2019animation de centres de vacances et de loisirs.<\/p>\n\n\n\n<p>Depuis la cr\u00e9ation de l\u2019association, une trentaine de s\u00e9jours ont eu lieu au cours des \u00e9t\u00e9s 2002 \u00e0 2012 \u00e0 Vigneulles-l\u00e8s-Hattonch\u00e2tel, en Meuse, puis \u00e0 Saulxures-sur-Moselotte en 2013 et entre 2014 et 2021 \u00e0 Buxi\u00e8res-l\u00e8s-Villiers en Haute-Marne. Nous sommes \u00e0 nouveau install\u00e9s \u00e0 Saulxures-sur-Moselotte depuis 2022. Les s\u00e9jours propos\u00e9s s\u2019articulent autour de th\u00e8mes vari\u00e9s comme la danse, la nature, la musique, la vid\u00e9o, ou le spectacle.<\/p>\n\n\n\n<p>Vous pouvez consulter&nbsp;<a href=\"https:\/\/www.iletaitunefoismescolos.fr\/?page_id=85\" data-type=\"page\" data-id=\"85\" target=\"_blank\" rel=\"noreferrer noopener\">le projet \u00e9ducatif de l\u2019association<\/a>, retravaill\u00e9 en 2017-2018 et valid\u00e9 \u00e0 l\u2019AG de 2019.<\/p>\n\n\n\n<p>Il \u00e9tait une fois\u2026 est adh\u00e9rente \u00e0&nbsp;<a href=\"https:\/\/www.ufcv.fr\/\" data-type=\"URL\" data-id=\"https:\/\/www.ufcv.fr\/\" target=\"_blank\" rel=\"noreferrer noopener\">l\u2019Union Fran\u00e7aise des Centres de Vacances<\/a>. L\u2019association a largement b\u00e9n\u00e9fici\u00e9 de l\u2019aide de l\u2019Union pour ses d\u00e9buts, et r\u00e9ciproquement les membres de l\u2019association participent largement \u00e0 la vie r\u00e9gionale de l\u2019UFCV.<\/p>\n\n\n\n<p>La treizi\u00e8me Assembl\u00e9e G\u00e9n\u00e9rale ordinaire a eu lieu le 24 janvier 2026 \u00e0 la Nancy. 24 adh\u00e9rents \u00e9taient pr\u00e9sents, et ont \u00e9lu le nouveau Conseil d\u2019Administration, qui se compose de :<\/p>\n\n\n\n<ul class=\"wp-block-list\">\n<li>Floxel Barbelin (Vice-tr\u00e9sorier)<\/li>\n\n\n\n<li>Baptiste Cellier<\/li>\n\n\n\n<li>Florian Haye<\/li>\n\n\n\n<li>Alice Kotoy (Vice-Secr\u00e9taire)<\/li>\n\n\n\n<li>Alice Miron (Tr\u00e9sori\u00e8re)<\/li>\n\n\n\n<li>Camille Padoux (Vice-Pr\u00e9sident)<\/li>\n\n\n\n<li>Elisa Wittische (Pr\u00e9sidente)<\/li>\n\n\n\n<li>Anne Tressel (Secr\u00e9taire)<\/li>\n\n\n\n<li>Emma Choisel<\/li>\n\n\n\n<li>No\u00e9 Marx<\/li>\n<\/ul>\n\n\n\n<p>Les&nbsp;<a href=\"https:\/\/www.iletaitunefoismescolos.fr\/?page_id=94\" data-type=\"page\" data-id=\"94\" target=\"_blank\" rel=\"noreferrer noopener\">statuts de l\u2019association<\/a>&nbsp;r\u00e9vis\u00e9s le 24 Janvier 2015 sont disponibles.<\/p>\n\n\n\n<p><\/p>\n","protected":false},"excerpt":{"rendered":"<p>L\u2019association \u201cIl \u00e9tait une fois\u2026\u201d a \u00e9t\u00e9 cr\u00e9\u00e9e le 28 Janvier 2002. Elle rassemble une trentaine d\u2019adh\u00e9rents, pour la plupart exp\u00e9riment\u00e9s dans l\u2019organisation et l\u2019animation de centres de vacances et de loisirs. Depuis la cr\u00e9ation de l\u2019association, une trentaine de s\u00e9jours ont eu lieu au cours des \u00e9t\u00e9s 2002 \u00e0 2012 \u00e0 Vigneulles-l\u00e8s-Hattonch\u00e2tel, en Meuse,&hellip;&nbsp;<a href=\"https:\/\/www.iletaitunefoismescolos.fr\/?page_id=70\" rel=\"bookmark\">Lire la suite &raquo;<span class=\"screen-reader-text\">L&rsquo;association<\/span><\/a><\/p>\n","protected":false},"author":7,"featured_media":0,"parent":0,"menu_order":0,"comment_status":"closed","ping_status":"closed","template":"","meta":{"neve_meta_sidebar":"","neve_meta_container":"","neve_meta_enable_content_width":"","neve_meta_content_width":0,"neve_meta_title_alignment":"","neve_meta_author_avatar":"","neve_post_elements_order":"","neve_meta_disable_header":"","neve_meta_disable_footer":"","neve_meta_disable_title":"","_themeisle_gutenberg_block_has_review":false,"footnotes":""},"class_list":["post-70","page","type-page","status-publish","hentry"],"_links":{"self":[{"href":"https:\/\/www.iletaitunefoismescolos.fr\/index.php?rest_route=\/wp\/v2\/pages\/70","targetHints":{"allow":["GET"]}}],"collection":[{"href":"https:\/\/www.iletaitunefoismescolos.fr\/index.php?rest_route=\/wp\/v2\/pages"}],"about":[{"href":"https:\/\/www.iletaitunefoismescolos.fr\/index.php?rest_route=\/wp\/v2\/types\/page"}],"author":[{"embeddable":true,"href":"https:\/\/www.iletaitunefoismescolos.fr\/index.php?rest_route=\/wp\/v2\/users\/7"}],"replies":[{"embeddable":true,"href":"https:\/\/www.iletaitunefoismescolos.fr\/index.php?rest_route=%2Fwp%2Fv2%2Fcomments&post=70"}],"version-history":[{"count":6,"href":"https:\/\/www.iletaitunefoismescolos.fr\/index.php?rest_route=\/wp\/v2\/pages\/70\/revisions"}],"predecessor-version":[{"id":8492,"href":"https:\/\/www.iletaitunefoismescolos.fr\/index.php?rest_route=\/wp\/v2\/pages\/70\/revisions\/8492"}],"wp:attachment":[{"href":"https:\/\/www.iletaitunefoismescolos.fr\/index.php?rest_route=%2Fwp%2Fv2%2Fmedia&parent=70"}],"curies":[{"name":"wp","href":"https:\/\/api.w.org\/{rel}","templated":true}]}}

<p>L’association “Il était une fois…” a été créée le 28 Janvier 2002. Elle rassemble une trentaine d’adhérents, pour la plupart expérimentés dans l’organisation et l’animation de centres de vacances et de loisirs.</p>



<p>Depuis la création de l’association, une trentaine de séjours ont eu lieu au cours des étés 2002 à 2012 à Vigneulles-lès-Hattonchâtel, en Meuse, puis à Saulxures-sur-Moselotte en 2013 et entre 2014 et 2021 à Buxières-lès-Villiers en Haute-Marne. Nous sommes à nouveau installés à Saulxures-sur-Moselotte depuis 2022. Les séjours proposés s’articulent autour de thèmes variés comme la danse, la nature, la musique, la vidéo, ou le spectacle.</p>



<p>Vous pouvez consulter&nbsp;<a href="https://www.iletaitunefoismescolos.fr/?page_id=85" data-type="page" data-id="85" target="_blank" rel="noreferrer noopener">le projet éducatif de l’association</a>, retravaillé en 2017-2018 et validé à l’AG de 2019.</p>



<p>Il était une fois… est adhérente à&nbsp;<a href="https://www.ufcv.fr/" data-type="URL" data-id="https://www.ufcv.fr/" target="_blank" rel="noreferrer noopener">l’Union Française des Centres de Vacances</a>. L’association a largement bénéficié de l’aide de l’Union pour ses débuts, et réciproquement les membres de l’association participent largement à la vie régionale de l’UFCV.</p>



<p>La treizième Assemblée Générale ordinaire a eu lieu le 24 janvier 2026 à la Nancy. 24 adhérents étaient présents, et ont élu le nouveau Conseil d’Administration, qui se compose de :</p>



<ul class="wp-block-list">
<li>Floxel Barbelin (Vice-trésorier)</li>



<li>Baptiste Cellier</li>



<li>Florian Haye</li>



<li>Alice Kotoy (Vice-Secrétaire)</li>



<li>Alice Miron (Trésorière)</li>



<li>Camille Padoux (Vice-Président)</li>



<li>Elisa Wittische (Présidente)</li>



<li>Anne Tressel (Secrétaire)</li>



<li>Emma Choisel</li>



<li>Noé Marx</li>
</ul>



<p>Les&nbsp;<a href="https://www.iletaitunefoismescolos.fr/?page_id=94" data-type="page" data-id="94" target="_blank" rel="noreferrer noopener">statuts de l’association</a>&nbsp;révisés le 24 Janvier 2015 sont disponibles.</p>



<p></p>

<p>L’association “Il était une fois…” a été créée le 28 Janvier 2002. Elle rassemble une trentaine d’adhérents, pour la plupart expérimentés dans l’organisation et l’animation de centres de vacances et de loisirs. Depuis la création de l’association, une trentaine de séjours ont eu lieu au cours des étés 2002 à 2012 à Vigneulles-lès-Hattonchâtel, en Meuse,&hellip;&nbsp;<a href="https://www.iletaitunefoismescolos.fr/?page_id=70" rel="bookmark">Lire la suite &raquo;<span class="screen-reader-text">L&rsquo;association</span></a></p>
